{"id":92,"date":"2019-05-14T14:58:56","date_gmt":"2019-05-14T12:58:56","guid":{"rendered":"http:\/\/www.scfrasdorf.huth.net\/?page_id=92"},"modified":"2025-12-03T20:52:55","modified_gmt":"2025-12-03T19:52:55","slug":"eishockey","status":"publish","type":"page","link":"http:\/\/www.scfrasdorf.de\/index.php\/eishockey\/","title":{"rendered":"Abteilung Eishockey &#8211; TOMCATS Frasdorf"},"content":{"rendered":"\n<div class=\"wp-block-columns has-2-columns\">\n<div class=\"wp-block-column\">\n<figure class=\"wp-block-image is-resized\"><img loading=\"lazy\" src=\"http:\/\/www.scfrasdorf.huth.net\/wp-content\/uploads\/2019\/06\/tomcats.jpg\" alt=\"\" class=\"wp-image-1363\" width=\"282\" height=\"178\"\/><\/figure>\n<\/div>\n\n\n\n<div class=\"wp-block-column\">\n<figure class=\"wp-block-image is-resized\"><img loading=\"lazy\" src=\"http:\/\/www.scfrasdorf.huth.net\/wp-content\/uploads\/2019\/07\/Mannschaft_2018-e1564146362402-1024x530.jpg\" alt=\"\" class=\"wp-image-2630\" width=\"373\" height=\"193\" srcset=\"http:\/\/www.scfrasdorf.de\/wp-content\/uploads\/2019\/07\/Mannschaft_2018-e1564146362402-1024x530.jpg 1024w, http:\/\/www.scfrasdorf.de\/wp-content\/uploads\/2019\/07\/Mannschaft_2018-e1564146362402-300x155.jpg 300w, http:\/\/www.scfrasdorf.de\/wp-content\/uploads\/2019\/07\/Mannschaft_2018-e1564146362402-768x397.jpg 768w, http:\/\/www.scfrasdorf.de\/wp-content\/uploads\/2019\/07\/Mannschaft_2018-e1564146362402.jpg 1206w\" sizes=\"(max-width: 373px) 100vw, 373px\" \/><\/figure>\n<\/div>\n<\/div>\n\n\n\n<p>&nbsp;&nbsp;&nbsp; <\/p>\n\n\n\n<h2 class=\"has-header-gradient-color has-text-color\">Die Abteilung Eishockey wurde 2025 aufgel\u00f6st. <\/h2>\n\n\n\n<p>&nbsp;&nbsp;&nbsp; <\/p>\n\n\n\n<p>&nbsp;&nbsp;&nbsp;<\/p>\n\n\n\n<div class=\"wp-block-columns has-2-columns\">\n<div class=\"wp-block-column\">\n<p><\/p>\n\n\n\n<p><\/p>\n<\/div>\n\n\n\n<div class=\"wp-block-column\"><\/div>\n<\/div>\n\n\n\n<p>&nbsp;&nbsp; <\/p>\n\n\n\n<h4>Bilder:<\/h4>\n\n\n\n<p><a aria-label=\"Trainings- und Spielbilder (\u00f6ffnet in neuem Tab)\" href=\"http:\/\/www.scfrasdorf.huth.net\/index.php\/eishockey-bilder\/\" target=\"_blank\" rel=\"noreferrer noopener\">Trainings- und Spielbilder<\/a><\/p>\n\n\n\n<!-- default-view.php -->\n<div\n\tclass=\"ngg-galleryoverview default-view \"\n\tid=\"ngg-gallery-ce4edb75b63310e249769645cef5f97c-1\">\n\n\t\t<!-- Thumbnails -->\n\t\t\t\t<div id=\"ngg-image-0\" class=\"ngg-gallery-thumbnail-box \" >\n\t\t\t\t        <div class=\"ngg-gallery-thumbnail\">\n            <a href=\"http:\/\/www.scfrasdorf.de\/wp-content\/gallery\/tomcats-mannschaft\/Mannschaft_2010_2011.jpg\"\n               title=\"\"\n               data-src=\"http:\/\/www.scfrasdorf.de\/wp-content\/gallery\/tomcats-mannschaft\/Mannschaft_2010_2011.jpg\"\n               data-thumbnail=\"http:\/\/www.scfrasdorf.de\/wp-content\/gallery\/tomcats-mannschaft\/thumbs\/thumbs_Mannschaft_2010_2011.jpg\"\n               data-image-id=\"124\"\n               data-title=\"Mannschaft_2010_2011\"\n               data-description=\"\"\n               data-image-slug=\"mannschaft_2010_2011\"\n               class=\"ngg-simplelightbox\" rel=\"ce4edb75b63310e249769645cef5f97c\">\n                <img\n                    title=\"Mannschaft_2010_2011\"\n                    alt=\"Mannschaft_2010_2011\"\n                    src=\"http:\/\/www.scfrasdorf.de\/wp-content\/gallery\/tomcats-mannschaft\/thumbs\/thumbs_Mannschaft_2010_2011.jpg\"\n                    width=\"240\"\n                    height=\"160\"\n                    style=\"max-width:100%;\"\n                \/>\n            <\/a>\n        <\/div>\n\t\t\t\t\t\t\t<\/div> \n\t\t\t\n\t\t\t\t<div id=\"ngg-image-1\" class=\"ngg-gallery-thumbnail-box \" >\n\t\t\t\t        <div class=\"ngg-gallery-thumbnail\">\n            <a href=\"http:\/\/www.scfrasdorf.de\/wp-content\/gallery\/tomcats-mannschaft\/Mannschaft_2010_2011_2.jpg\"\n               title=\"\"\n               data-src=\"http:\/\/www.scfrasdorf.de\/wp-content\/gallery\/tomcats-mannschaft\/Mannschaft_2010_2011_2.jpg\"\n               data-thumbnail=\"http:\/\/www.scfrasdorf.de\/wp-content\/gallery\/tomcats-mannschaft\/thumbs\/thumbs_Mannschaft_2010_2011_2.jpg\"\n               data-image-id=\"125\"\n               data-title=\"Mannschaft_2010_2011_2\"\n               data-description=\"\"\n               data-image-slug=\"mannschaft_2010_2011_2\"\n               class=\"ngg-simplelightbox\" rel=\"ce4edb75b63310e249769645cef5f97c\">\n                <img\n                    title=\"Mannschaft_2010_2011_2\"\n                    alt=\"Mannschaft_2010_2011_2\"\n                    src=\"http:\/\/www.scfrasdorf.de\/wp-content\/gallery\/tomcats-mannschaft\/thumbs\/thumbs_Mannschaft_2010_2011_2.jpg\"\n                    width=\"240\"\n                    height=\"160\"\n                    style=\"max-width:100%;\"\n                \/>\n            <\/a>\n        <\/div>\n\t\t\t\t\t\t\t<\/div> \n\t\t\t\n\t\t\t\t<div id=\"ngg-image-2\" class=\"ngg-gallery-thumbnail-box \" >\n\t\t\t\t        <div class=\"ngg-gallery-thumbnail\">\n            <a href=\"http:\/\/www.scfrasdorf.de\/wp-content\/gallery\/tomcats-mannschaft\/Mannschaft_2017.jpg\"\n               title=\"\"\n               data-src=\"http:\/\/www.scfrasdorf.de\/wp-content\/gallery\/tomcats-mannschaft\/Mannschaft_2017.jpg\"\n               data-thumbnail=\"http:\/\/www.scfrasdorf.de\/wp-content\/gallery\/tomcats-mannschaft\/thumbs\/thumbs_Mannschaft_2017.jpg\"\n               data-image-id=\"675\"\n               data-title=\"Mannschaft_2017\"\n               data-description=\"\"\n               data-image-slug=\"mannschaft_2017\"\n               class=\"ngg-simplelightbox\" rel=\"ce4edb75b63310e249769645cef5f97c\">\n                <img\n                    title=\"Mannschaft_2017\"\n                    alt=\"Mannschaft_2017\"\n                    src=\"http:\/\/www.scfrasdorf.de\/wp-content\/gallery\/tomcats-mannschaft\/thumbs\/thumbs_Mannschaft_2017.jpg\"\n                    width=\"240\"\n                    height=\"160\"\n                    style=\"max-width:100%;\"\n                \/>\n            <\/a>\n        <\/div>\n\t\t\t\t\t\t\t<\/div> \n\t\t\t\n\t\t\t\t<div id=\"ngg-image-3\" class=\"ngg-gallery-thumbnail-box \" >\n\t\t\t\t        <div class=\"ngg-gallery-thumbnail\">\n            <a href=\"http:\/\/www.scfrasdorf.de\/wp-content\/gallery\/tomcats-mannschaft\/Mannschaft_2018.jpg\"\n               title=\"\"\n               data-src=\"http:\/\/www.scfrasdorf.de\/wp-content\/gallery\/tomcats-mannschaft\/Mannschaft_2018.jpg\"\n               data-thumbnail=\"http:\/\/www.scfrasdorf.de\/wp-content\/gallery\/tomcats-mannschaft\/thumbs\/thumbs_Mannschaft_2018.jpg\"\n               data-image-id=\"676\"\n               data-title=\"Mannschaft_2018\"\n               data-description=\"\"\n               data-image-slug=\"mannschaft_2018\"\n               class=\"ngg-simplelightbox\" rel=\"ce4edb75b63310e249769645cef5f97c\">\n                <img\n                    title=\"Mannschaft_2018\"\n                    alt=\"Mannschaft_2018\"\n                    src=\"http:\/\/www.scfrasdorf.de\/wp-content\/gallery\/tomcats-mannschaft\/thumbs\/thumbs_Mannschaft_2018.jpg\"\n                    width=\"240\"\n                    height=\"160\"\n                    style=\"max-width:100%;\"\n                \/>\n            <\/a>\n        <\/div>\n\t\t\t\t\t\t\t<\/div> \n\t\t\t\n\t\n\t<br style=\"clear: both\" \/>\n\n\t\n\t\t<!-- Pagination -->\n\t<div class='ngg-clear'><\/div>\t<\/div>\n\n\n\n\n<p>&nbsp;&nbsp;&nbsp;&nbsp; <\/p>\n\n\n\n<h4>Vergangene Saisonen:<\/h4>\n\n\n\n<ul><li><a aria-label=\"Tirol-Bayern-Liga Saison 2018\/2019 (\u00f6ffnet in neuem Tab)\" href=\"https:\/\/www.tbl-eishockey.eu\/team\/tomcats-frasdorf\/\" target=\"_blank\" rel=\"noreferrer noopener\">Tirol-Bayern-Liga Saison 2018\/2019<\/a><\/li><\/ul>\n\n\n\n<p>&nbsp;&nbsp; <\/p>\n\n\n\n<h4>Prolog:<\/h4>\n\n\n\n<p>Schon als junge Burschen haben wir uns im Winter am Schwimmbad und im Sommer am Stockplatz im Dorf getroffen um zusammen Hockey zu spielen.<\/p>\n\n\n\n<p>Wenn ich heute am Spielplatz vorbei gehe und den Jungs beim Spielen zuschaue bin ich froh dass sich diese Tradition fortsetzt und in ein paar Jahren vielleicht ein paar gute Spieler zu uns in die Mannschaft kommen. Seit der Zeit am Schwimmbad sind viele Jahre vergangen und aus den jungen Burschen sind Familienv\u00e4ter geworden. An der Freude am Eishockey hat sich jedoch nichts ge\u00e4ndert und unsere Mannschaft spielt nun schon seit vielen Jahren regelm\u00e4\u00dfig den Koasa Hockey Cup mit, eine kleine deutsch-\u00f6sterreichische Hobbyliga.<\/p>\n\n\n\n<p>Die Spiele finden meist in Ebbs statt und wir w\u00fcrden uns \u00fcber jeden Zuschauer freuen.<\/p>\n\n\n\n<p>Das Hallo Du in Ebbs bietet neben der Eisfl\u00e4che viele weitere Aktivit\u00e4ten an und verf\u00fcgt auch \u00fcber eine gute Gastronomie, sodass man nach dem Spiel noch etwas Essen oder Trinken kann.<\/p>\n\n\n\n<p>Unsere sportlichen Erfolge stehen eigentlich eher im Hintergrund weil wir aus Spa\u00df an der Freude spielen.<\/p>\n\n\n\n<p>Im Moment sind wir ca. 30 aktive Spieler von denen 25 f\u00fcr den Spielbetrieb gemeldet sind. Wir freuen uns immer \u00fcber Nachwuchs bzw. interessierte Spieler die sich uns anschlie\u00dfen wollen. Trainiert und gespielt wird meistens am Wochenende wobei auch ein paar Termine unter der Woche stattfinden k\u00f6nnen.<\/p>\n\n\n\n<p>Bei Interesse kann sich jeder bei mir melden. Per E-Mail julian.richter@gmx.com oder Telefon 0171\/6206935.<\/p>\n","protected":false},"excerpt":{"rendered":"<p>&nbsp;&nbsp;&nbsp; Die Abteilung Eishockey wurde 2025 aufgel\u00f6st. &nbsp;&nbsp;&nbsp; &nbsp;&nbsp;&nbsp; &nbsp;&nbsp; Bilder: Trainings- und Spielbilder &nbsp;&nbsp;&nbsp;&nbsp; Vergangene Saisonen: Tirol-Bayern-Liga Saison 2018\/2019 &nbsp;&nbsp; Prolog: Schon als junge Burschen haben wir uns im Winter am Schwimmbad und im Sommer am Stockplatz im Dorf getroffen um zusammen Hockey zu spielen. Wenn ich heute am [&hellip;]<\/p>\n","protected":false},"author":1,"featured_media":0,"parent":0,"menu_order":0,"comment_status":"closed","ping_status":"closed","template":"","meta":{"ngg_post_thumbnail":0},"_links":{"self":[{"href":"http:\/\/www.scfrasdorf.de\/index.php\/wp-json\/wp\/v2\/pages\/92"}],"collection":[{"href":"http:\/\/www.scfrasdorf.de\/index.php\/wp-json\/wp\/v2\/pages"}],"about":[{"href":"http:\/\/www.scfrasdorf.de\/index.php\/wp-json\/wp\/v2\/types\/page"}],"author":[{"embeddable":true,"href":"http:\/\/www.scfrasdorf.de\/index.php\/wp-json\/wp\/v2\/users\/1"}],"replies":[{"embeddable":true,"href":"http:\/\/www.scfrasdorf.de\/index.php\/wp-json\/wp\/v2\/comments?post=92"}],"version-history":[{"count":53,"href":"http:\/\/www.scfrasdorf.de\/index.php\/wp-json\/wp\/v2\/pages\/92\/revisions"}],"predecessor-version":[{"id":5150,"href":"http:\/\/www.scfrasdorf.de\/index.php\/wp-json\/wp\/v2\/pages\/92\/revisions\/5150"}],"wp:attachment":[{"href":"http:\/\/www.scfrasdorf.de\/index.php\/wp-json\/wp\/v2\/media?parent=92"}],"curies":[{"name":"wp","href":"https:\/\/api.w.org\/{rel}","templated":true}]}}